{"id":75,"date":"2016-01-22T15:55:46","date_gmt":"2016-01-22T14:55:46","guid":{"rendered":"http:\/\/www.rzpitrybarzowice.fc.pl\/?page_id=75"},"modified":"2019-07-05T09:44:56","modified_gmt":"2019-07-05T08:44:56","slug":"kontakt","status":"publish","type":"page","link":"https:\/\/www.rzpitrybarzowice.fc.pl\/?page_id=75","title":{"rendered":"Kontakt"},"content":{"rendered":"<p class=\"Tresc\">Je\u017celi chcesz si\u0119 skontaktowa\u0107 z zespo\u0142em w jakiejkolwiek sprawie, prosz\u0119 wy\u015blij wiadomo\u015b\u0107 e-mail na adres:<\/p>\n<h3 style=\"text-align: center;\">kontakt@rzpitrybarzowice.fc.pl<\/h3>\n<p class=\"Tresc\">lub zadzwo\u0144:<\/p>\n<ul>\n<li><strong>Barbara Magiera-Sadlik<\/strong>, tel.:(+48) 502 657 101<\/li>\n<\/ul>\n<p class=\"Tresc\">Mile widziana korespondencja tradycyjna:<\/p>\n<p class=\"adres\"><strong>RZPiT RYBARZOWICE<\/strong><br \/>\nul. Beskidzka 502,<br \/>\n43-378 Rybarzowice<br \/>\nwoj. \u015bl\u0105skie, POLSKA<\/p>\n","protected":false},"excerpt":{"rendered":"<p>Je\u017celi chcesz si\u0119 skontaktowa\u0107 z zespo\u0142em w jakiejkolwiek sprawie, prosz\u0119 wy\u015blij wiadomo\u015b\u0107 e-mail na adres: kontakt@rzpitrybarzowice.fc.pl lub zadzwo\u0144: Barbara Magiera-Sadlik, tel.:(+48) 502 657 101 Mile widziana korespondencja tradycyjna: RZPiT RYBARZOWICE ul. Beskidzka 502, 43-378 Rybarzowice woj. \u015bl\u0105skie, POLSKA<\/p>\n","protected":false},"author":1,"featured_media":0,"parent":0,"menu_order":0,"comment_status":"closed","ping_status":"closed","template":"","meta":{"footnotes":""},"class_list":["post-75","page","type-page","status-publish","hentry"],"_links":{"self":[{"href":"https:\/\/www.rzpitrybarzowice.fc.pl\/index.php?rest_route=\/wp\/v2\/pages\/75","targetHints":{"allow":["GET"]}}],"collection":[{"href":"https:\/\/www.rzpitrybarzowice.fc.pl\/index.php?rest_route=\/wp\/v2\/pages"}],"about":[{"href":"https:\/\/www.rzpitrybarzowice.fc.pl\/index.php?rest_route=\/wp\/v2\/types\/page"}],"author":[{"embeddable":true,"href":"https:\/\/www.rzpitrybarzowice.fc.pl\/index.php?rest_route=\/wp\/v2\/users\/1"}],"replies":[{"embeddable":true,"href":"https:\/\/www.rzpitrybarzowice.fc.pl\/index.php?rest_route=%2Fwp%2Fv2%2Fcomments&post=75"}],"version-history":[{"count":16,"href":"https:\/\/www.rzpitrybarzowice.fc.pl\/index.php?rest_route=\/wp\/v2\/pages\/75\/revisions"}],"predecessor-version":[{"id":1007,"href":"https:\/\/www.rzpitrybarzowice.fc.pl\/index.php?rest_route=\/wp\/v2\/pages\/75\/revisions\/1007"}],"wp:attachment":[{"href":"https:\/\/www.rzpitrybarzowice.fc.pl\/index.php?rest_route=%2Fwp%2Fv2%2Fmedia&parent=75"}],"curies":[{"name":"wp","href":"https:\/\/api.w.org\/{rel}","templated":true}]}}