{"id":651,"date":"2016-06-24T18:10:12","date_gmt":"2016-06-24T17:10:12","guid":{"rendered":"http:\/\/www.rzpitrybarzowice.fc.pl\/?page_id=651"},"modified":"2016-06-24T18:10:12","modified_gmt":"2016-06-24T17:10:12","slug":"miedzynarodowy-dzien-rencistow-i-emerytow","status":"publish","type":"page","link":"https:\/\/www.rzpitrybarzowice.fc.pl\/?page_id=651","title":{"rendered":"Mi\u0119dzynarodowy Dzie\u0144 Rencist\u00f3w i Emeryt\u00f3w"},"content":{"rendered":"<div id='gallery-1' class='gallery galleryid-651 gallery-columns-3 gallery-size-thumbnail'><figure class='gallery-item'>\n\t\t\t<div class='gallery-icon landscape'>\n\t\t\t\t<a href='https:\/\/www.rzpitrybarzowice.fc.pl\/wp-content\/uploads\/2016\/06\/DSCF5798-800x600.jpg' rel=\"lightbox[651]\"><img loading=\"lazy\" decoding=\"async\" width=\"150\" height=\"150\" src=\"https:\/\/www.rzpitrybarzowice.fc.pl\/wp-content\/uploads\/2016\/06\/DSCF5798-800x600-150x150.jpg\" class=\"attachment-thumbnail size-thumbnail\" alt=\"\" \/><\/a>\n\t\t\t<\/div><\/figure><figure class='gallery-item'>\n\t\t\t<div class='gallery-icon landscape'>\n\t\t\t\t<a href='https:\/\/www.rzpitrybarzowice.fc.pl\/wp-content\/uploads\/2016\/06\/DSCF5800-800x600.jpg' rel=\"lightbox[651]\"><img loading=\"lazy\" decoding=\"async\" width=\"150\" height=\"150\" src=\"https:\/\/www.rzpitrybarzowice.fc.pl\/wp-content\/uploads\/2016\/06\/DSCF5800-800x600-150x150.jpg\" class=\"attachment-thumbnail size-thumbnail\" alt=\"\" \/><\/a>\n\t\t\t<\/div><\/figure><figure class='gallery-item'>\n\t\t\t<div class='gallery-icon landscape'>\n\t\t\t\t<a href='https:\/\/www.rzpitrybarzowice.fc.pl\/wp-content\/uploads\/2016\/06\/DSCF5803-800x600.jpg' rel=\"lightbox[651]\"><img loading=\"lazy\" decoding=\"async\" width=\"150\" height=\"150\" src=\"https:\/\/www.rzpitrybarzowice.fc.pl\/wp-content\/uploads\/2016\/06\/DSCF5803-800x600-150x150.jpg\" class=\"attachment-thumbnail size-thumbnail\" alt=\"\" \/><\/a>\n\t\t\t<\/div><\/figure><figure class='gallery-item'>\n\t\t\t<div class='gallery-icon landscape'>\n\t\t\t\t<a href='https:\/\/www.rzpitrybarzowice.fc.pl\/wp-content\/uploads\/2016\/06\/DSCF5807-800x600.jpg' rel=\"lightbox[651]\"><img loading=\"lazy\" decoding=\"async\" width=\"150\" height=\"150\" src=\"https:\/\/www.rzpitrybarzowice.fc.pl\/wp-content\/uploads\/2016\/06\/DSCF5807-800x600-150x150.jpg\" class=\"attachment-thumbnail size-thumbnail\" alt=\"\" \/><\/a>\n\t\t\t<\/div><\/figure><figure class='gallery-item'>\n\t\t\t<div class='gallery-icon landscape'>\n\t\t\t\t<a href='https:\/\/www.rzpitrybarzowice.fc.pl\/wp-content\/uploads\/2016\/06\/DSCF5811-800x600.jpg' rel=\"lightbox[651]\"><img loading=\"lazy\" decoding=\"async\" width=\"150\" height=\"150\" src=\"https:\/\/www.rzpitrybarzowice.fc.pl\/wp-content\/uploads\/2016\/06\/DSCF5811-800x600-150x150.jpg\" class=\"attachment-thumbnail size-thumbnail\" alt=\"\" \/><\/a>\n\t\t\t<\/div><\/figure><figure class='gallery-item'>\n\t\t\t<div class='gallery-icon landscape'>\n\t\t\t\t<a href='https:\/\/www.rzpitrybarzowice.fc.pl\/wp-content\/uploads\/2016\/06\/DSCF5812-800x600.jpg' rel=\"lightbox[651]\"><img loading=\"lazy\" decoding=\"async\" width=\"150\" height=\"150\" src=\"https:\/\/www.rzpitrybarzowice.fc.pl\/wp-content\/uploads\/2016\/06\/DSCF5812-800x600-150x150.jpg\" class=\"attachment-thumbnail size-thumbnail\" alt=\"\" \/><\/a>\n\t\t\t<\/div><\/figure>\n\t\t<\/div>\n\n","protected":false},"excerpt":{"rendered":"","protected":false},"author":1,"featured_media":0,"parent":96,"menu_order":0,"comment_status":"closed","ping_status":"closed","template":"","meta":{"footnotes":""},"class_list":["post-651","page","type-page","status-publish","hentry"],"_links":{"self":[{"href":"https:\/\/www.rzpitrybarzowice.fc.pl\/index.php?rest_route=\/wp\/v2\/pages\/651","targetHints":{"allow":["GET"]}}],"collection":[{"href":"https:\/\/www.rzpitrybarzowice.fc.pl\/index.php?rest_route=\/wp\/v2\/pages"}],"about":[{"href":"https:\/\/www.rzpitrybarzowice.fc.pl\/index.php?rest_route=\/wp\/v2\/types\/page"}],"author":[{"embeddable":true,"href":"https:\/\/www.rzpitrybarzowice.fc.pl\/index.php?rest_route=\/wp\/v2\/users\/1"}],"replies":[{"embeddable":true,"href":"https:\/\/www.rzpitrybarzowice.fc.pl\/index.php?rest_route=%2Fwp%2Fv2%2Fcomments&post=651"}],"version-history":[{"count":1,"href":"https:\/\/www.rzpitrybarzowice.fc.pl\/index.php?rest_route=\/wp\/v2\/pages\/651\/revisions"}],"predecessor-version":[{"id":652,"href":"https:\/\/www.rzpitrybarzowice.fc.pl\/index.php?rest_route=\/wp\/v2\/pages\/651\/revisions\/652"}],"up":[{"embeddable":true,"href":"https:\/\/www.rzpitrybarzowice.fc.pl\/index.php?rest_route=\/wp\/v2\/pages\/96"}],"wp:attachment":[{"href":"https:\/\/www.rzpitrybarzowice.fc.pl\/index.php?rest_route=%2Fwp%2Fv2%2Fmedia&parent=651"}],"curies":[{"name":"wp","href":"https:\/\/api.w.org\/{rel}","templated":true}]}}