{"id":25,"date":"2016-01-20T20:47:58","date_gmt":"2016-01-20T19:47:58","guid":{"rendered":"http:\/\/www.rzpitrybarzowice.fc.pl\/?page_id=25"},"modified":"2016-02-14T23:38:38","modified_gmt":"2016-02-14T22:38:38","slug":"historia-zespolu","status":"publish","type":"page","link":"https:\/\/www.rzpitrybarzowice.fc.pl\/?page_id=25","title":{"rendered":"Historia zespo\u0142u"},"content":{"rendered":"<p style=\"text-indent: 10%; margin-bottom: 0px; text-align: justify;\">Regionalny Zesp\u00f3\u0142 Pie\u015bni i Ta\u0144ca \u201eRybarzowice\u201d istnieje od 1965 roku. Inspiratorem powstania by\u0142 \u00f3wczesny Komitet Powiatowy PZPR oraz przewodnicz\u0105cy Powiatowej Rady Narodowej w Bielsku \u2013 Bia\u0142ej mgr Antoni Kobiela. Kolejne patronaty to: Sp\u00f3\u0142dzielnia Pracy w\u00a0Bielsku \u2013 Bia\u0142ej, Wojew\u00f3dzka Sp\u00f3\u0142dzielnia Mleczarska oddzia\u0142 w Skoczowie, Miejsko \u2013 Gminny O\u015brodek Kultury w Szczyrku, Stowarzyszenie na Rzecz Rozwoju Wsi Rybarzowice i obecnie z inicjatywy mi\u0119dzy innymi cz\u0142onk\u00f3w Zespo\u0142u nowo powo\u0142ane Stowarzyszenie \u201eZiemia Rybarska\u201d. Organizacj\u0105 nowo za\u0142o\u017conego zespo\u0142u zaj\u0119li si\u0119 Katarzyna Kubica \u2013 Kierownik \u015awietlicy Gromadzkiej w Rybarzowicach, Antoni Kubica \u2013 nauczyciel Szko\u0142y Podstawowej w Rybarzowicach oraz sekretarz Zarz\u0105du \u015awietlicy w Rybarzowicach \u2013 W\u0142adys\u0142aw Byrdy. Pierwszy zesp\u00f3\u0142 sk\u0142ada\u0142 si\u0119 z 46 os\u00f3b w tym 6 cz\u0142onk\u00f3w kapeli. Od tego czasu w zespole dzia\u0142a\u0142o 180 os\u00f3b, a obecnie 42. Doda\u0107 nale\u017cy, \u017ce prawie wszyscy cz\u0142onkowie zespo\u0142u s\u0105 mieszka\u0144cami Rybarzowic. Ta\u0144cz\u0105 mi\u0119dzy innymi 4 pary ma\u0142\u017ce\u0144skie oraz dzieci aktualnych i by\u0142ych cz\u0142onk\u00f3w zespo\u0142u.<\/p>\n<p style=\"text-indent: 10%; margin-bottom: 0px; text-align: justify;\">O zespole cz\u0119sto m\u00f3wi si\u0119, \u017ce s\u0105 niepodobni do innych zespo\u0142\u00f3w Podbeskidzia. Kostiumy wykonano wed\u0142ug autentycznych wzor\u00f3w ubra\u0144 noszonych na tym terenie przed ponad stu laty, a tak\u017ce na podstawie archiwalnych fotografii i\u00a0ustnych przekaz\u00f3w najstarszych mieszka\u0144c\u00f3w wsi.<\/p>\n<p style=\"text-indent: 10%; margin-bottom: 0px; text-align: justify;\">Dziewcz\u0119ta wyst\u0119puj\u0105 w r\u00f3\u017cnokolorowych strojach, w szerokich fa\u0142dowanych sp\u00f3dnicach i tzw. \u201ewcinkach\u201d bogato obszywanych cekinami. M\u0119\u017cczy\u017ani s\u0105 ubrani na czarno w kamizelki, w\u0105skie spodnie i wysokie sk\u00f3rzane buty. Jedynym barwnym akcentem ich stroju s\u0105 \u201ema\u015bki\u201d \u2013 krajki w kolorze sukni partnerki.<\/p>\n<p style=\"text-indent: 10%; margin-bottom: 0px; text-align: justify;\">W podobny spos\u00f3b jak stroje przygotowywano program wyst\u0119p\u00f3w. Dziadkowie opowiadali, jak to kiedy\u015b przed laty obchodzono na tym terenie \u015bwi\u0119ta, a\u00a0kiedy trzeba by\u0142o, wykonywali pie\u015bni towarzysz\u0105ce tradycyjnym obrz\u0119dom. Zebrany materia\u0142 przynoszono na pr\u00f3by i wsp\u00f3lnie opracowywano.<\/p>\n<p style=\"text-indent: 10%; margin-bottom: 0px; text-align: justify;\">Takie by\u0142y pocz\u0105tki Zespo\u0142u Regionalnego. Regionalnego nie tylko z nazwy, gdy\u017c wszystko, co zesp\u00f3\u0142 obecnie reprezentuje na scenie, nierozerwalnie wi\u0105\u017ce si\u0119 z\u00a0w\u0142asnym regionem. Jest to, mimo s\u0105siedztwa Szczyrku, teren o folklorze odr\u0119bnym od g\u00f3ralskiego. R\u00f3\u017cnice wida\u0107 nie tylko w strojach. W Rybarzowicach oraz pobliskich Buczkowicach, Godziszce i Mesznej przed stu laty bawiono si\u0119, ta\u0144czono i \u015bpiewano inaczej, bo te\u017c inny charakter mia\u0142o tutaj \u017cycie.<\/p>\n<p style=\"text-indent: 10%; margin-bottom: 0px; text-align: justify;\">Zesp\u00f3\u0142 wskrzesza przesz\u0142o\u015b\u0107 w\u0142asnego regionu, a w\u0142a\u015bciwie ukazuje t\u0119 bardziej od\u015bwi\u0119tn\u0105 i radosn\u0105 cz\u0119\u015b\u0107 czasu minionego. Ale i z tego fragmentarycznego obrazu dowiedzie\u0107 si\u0119 mo\u017cna wiele o \u017cyciu, pracy i mentalno\u015bci dawnych mieszka\u0144c\u00f3w.<\/p>\n<p style=\"text-indent: 10%; margin-bottom: 0px; text-align: justify;\">Osoby zawodowo zajmuj\u0105ce si\u0119 badaniem kultury ludowej m\u00f3wi\u0105, \u017ce grupa z\u00a0Rybarzowic jest folklorystyczn\u0105 ciekawostk\u0105 i potrafi ich zaintrygowa\u0107. O\u00a0dzia\u0142alno\u015bci zespo\u0142u nie decyduje jednak tylko pasja etnograficzna. Wa\u017cniejsze jest przywi\u0105zanie do rodzinnej ziemi i przekazywania swojej wiedzy nast\u0119pnym pokoleniom.<\/p>\n<p style=\"text-indent: 10%; margin-bottom: 0px; text-align: justify;\">Najwa\u017cniejsz\u0105 rzecz\u0105, co podkre\u015blaj\u0105 wszyscy cz\u0142onkowie i zarazem mieszka\u0144cy Rybarzowic jest fakt, \u017ce pr\u00f3by, wycieczki, warsztaty taneczne, spotkania towarzyskie i koncerty s\u0105 dla nich samych okazj\u0105 do rozrywki, \u015bwietnej zabawy i\u00a0po\u017cytecznego zagospodarowania czasu wolnego.<\/p>\n<p style=\"text-indent: 10%; margin-bottom: 0px; text-align: justify;\">\u201eRybarzowice\u201d wyst\u0119puj\u0105 cz\u0119sto i zawsze z du\u017cym powodzeniem na wielu imprezach regionalnych og\u00f3lnopolskich i mi\u0119dzynarodowych, w tym tak\u017ce niemal co roku na estradach Tygodnia Kultury Beskidzkiej w Krakowie, O\u015bwi\u0119cimiu, Makowie Podhala\u0144skim, Wi\u015ble, Istebnej, Szczyrku i Bielsku \u2013 Bia\u0142ej. Na Festiwalu G\u00f3rali Polskich w\u00a0\u017bywcu, w kategorii zespo\u0142\u00f3w artystycznie opracowanych w latach 1980 i\u00a01981 zosta\u0142 wyr\u00f3\u017cniony Br\u0105zowym Sercem \u017bywieckim, a w 1982 roku z\u0142otym. Ponadto zesp\u00f3\u0142 by\u0142 laureatem na Przegl\u0105dzie Zespo\u0142\u00f3w Zapustniczych w Bielsku \u2013 Bia\u0142ej, \u017bywcu i Pietrzykowicach. Otrzyma\u0142 \u201eSrebrny Kilofek G\u00f3rniczy\u201d w Tarnowskich G\u00f3rach i wyr\u00f3\u017cnienie II stopnia w Bytomiu. W 2009 roku na 42 Przegl\u0105dzie Wiejskich Zespo\u0142\u00f3w Artystycznych w Brennej \u201ewyta\u0144czy\u0142\u201d III miejsce w stawce prawie 80 uczestnik\u00f3w w kategorii autentycznej. Natomiast w 2014 roku w kategorii artystycznie opracowanej II miejsce (I nie przyznano). Otrzyma\u0142 tak\u017ce puchar Dziennika Zachodniego za ca\u0142okszta\u0142t pracy artystycznej. Bardzo du\u017cym zainteresowaniem cieszy\u0142y si\u0119 koncerty na \u201eChmielakach\u201d w\u00a0Krasnymstawie, \u201eJesieni Jurajskiej\u201d w Cz\u0119stochowie, \u201eKonfrontacjach Ruchu Amatorskiego M\u0142odzie\u017cy\u201d w My\u015blcu, \u201eBabiog\u00f3rskiej Jesieni\u201d w Zawoi, \u201eWawrzy\u0144cowych Hudach\u201d w Ujso\u0142ach, Festiwalu Amatorskich Zespo\u0142\u00f3w Artystycznych w Rajczy i Folkloriadzie w Poraju. Koncertowa\u0142 na imprezach og\u00f3lnopolskich w Lipcach Reymontowskich, Bielsku i Szczyrku, a tak\u017ce na wielu do\u017cynkach wojew\u00f3dzkich, powiatowych i gminnych. W 2006 roku by\u0142 nominowany do presti\u017cowej nagrody im. Ksi\u0119dza Londzina.<\/p>\n<p style=\"text-indent: 10%; margin-bottom: 0px; text-align: justify;\">Nie bez znaczenia jest uczestnictwo cz\u0142onk\u00f3w zespo\u0142u w procesjach \u201eBo\u017cego Cia\u0142a\u201d, Odpustu, Rezurekcji, imprezach rocznicowych itp. obrz\u0119dach.<\/p>\n<p style=\"text-indent: 10%; margin-bottom: 0px; text-align: justify;\">Corocznie przygotowywany i wielokrotnie prezentowany jest nowy program \u201eRybarskie Kol\u0119dowanie\u201d. Do tradycji nale\u017cy tak\u017ce chodzenie po kol\u0119dzie z koz\u0105, gwiazd\u0105 i szopk\u0105, a tak\u017ce organizowanie \u201eOczepin\u201d i \u201e\u015alog\u201d dla cz\u0142onk\u00f3w zespo\u0142u wst\u0119puj\u0105cych w zwi\u0105zki ma\u0142\u017ce\u0144skie.<\/p>\n<p style=\"text-indent: 10%; margin-bottom: 0px; text-align: justify;\">Dotychczas przygotowano i wystawiono widowiska: \u201eKol\u0119dnicy\u201d, \u201eWesele\u201d, \u201ePoprawiny\u201d, \u201eOdpustowe popo\u0142ednie\u201d, \u201eZabawa na kwacki\u201d oraz \u201eNa muzyce\u201d.<\/p>\n<p style=\"text-indent: 10%; margin-bottom: 0px; text-align: justify;\">Z wielkim powodzeniem zesp\u00f3\u0142 wyst\u0119powa\u0142 tak\u017ce na estradach w Bu\u0142garii (dwa razy), na Litwie (dwa razy), na W\u0119grzech, Ukrainie (dwa razy), w\u00a0Republice Czeskiej i na S\u0142owacji, w Zubercu w ramach XXXVI Mi\u0119dzynarodowego Festiwalu Folkloru oraz w 2013r. w Sihelne.<\/p>\n<p style=\"text-indent: 10%; margin-bottom: 0px; text-align: justify;\">Zesp\u00f3\u0142 aktualnie przedstawia trwaj\u0105c\u0105 oko\u0142o 60\/90 minut wi\u0105zank\u0119 pie\u015bni, przy\u015bpiewek i ta\u0144c\u00f3w ludowych, a mi\u0119dzy innymi: Kowola, Szewca, M\u0142ynek, Starej Babie, Chodzonego, Krzy\u017coka, Krakowiaka, Wys\u0142a chmurecka, Turbowanie, Polk\u0119 z przytupem, itd.<\/p>\n<p style=\"text-indent: 10%; margin-bottom: 0px; text-align: justify;\">Najm\u0142odsi cz\u0142onkowie zespo\u0142u przedstawiaj\u0105 Suit\u0119 Beskidzk\u0105 sk\u0142adaj\u0105c\u0105 si\u0119 z ta\u0144c\u00f3w i przy\u015bpiewek g\u00f3ralskich.<\/p>\n<p style=\"text-indent: 10%; margin-bottom: 0px; text-align: justify;\">Solistami na przestrzeni lat byli m.in.: W\u0142adys\u0142aw Bo\u017cek, Stanis\u0142aw Go\u0142\u0105bek, Wisia G\u00f3ra, Kazimierz Duraj, Halina Jakubiec, Andrzej Nikiel, Marian Wojtusiak, Tadeusz Sadlik, Tomasz Wojtusiak, Sandra Bartosik, Maciej Sadlik, Marcin Juraszek, Marek Juraszek, Lucyna Juraszek.<\/p>\n<p style=\"text-indent: 10%; margin-bottom: 0px; text-align: justify;\">Aktualnie ta\u0144cz\u0105cy, najd\u0142u\u017cej dzia\u0142aj\u0105cy cz\u0142onkowie to: Marian Wojtusiak, Kazimierz Sadlik, Barbara Magiera-Sadlik, Bogumi\u0142a Flisek-G\u00f3rna, Beata \u015awierczek, Alina i Grzegorz Nikiel, Urszula i Ryszard Adamczyk, Joanna i Dariusz \u015awierczek, Mateusz Bondarczuk, Marcin Juraszek, Maciej Sadlik, Piotr Mikociak, Kazimierz Kubica, Barbara Korkowska, Tomasz Wojtusiak, Barbara Nikiel-Lewandowska, Piotr Nikiel.<\/p>\n<p style=\"text-indent: 10%; margin-bottom: 0px; text-align: justify;\">Kierownikami by\u0142y kolejno panie: Katarzyna Kubica \u2013 za\u0142o\u017cycielka zespo\u0142u, Stanis\u0142awa Wojtusiak i aktualnie Barbara Magiera-Sadlik. Kierownikiem muzycznym od 1965 do 2013r. by\u0142 pan Antoni Kubica. W pocz\u0105tkowym okresie konsultantami zespo\u0142u oraz autorami opracowa\u0144 muzycznych byli: prof. Mieczys\u0142aw Ptaszkowski i mgr Piotr Stachura. Choreografia oraz nauka ta\u0144ca spoczywa\u0142a w r\u0119kach pani Barbary Folwarcznej, a od 1978 roku i aktualnie Mariana Wojtusiaka. W latach 1999 \u2013 2001 Andrzeja Nikla. Kronik\u0119 zespo\u0142u prowadzi\u0142a pani Bo\u017cena Dobija. Aktualnie \u201ekronikarzem\u201d oraz wsp\u00f3\u0142tw\u00f3rc\u0105 niekt\u00f3rych uk\u0142ad\u00f3w tanecznych jest Bogumi\u0142a Flisek-G\u00f3rna.<\/p>\n<p style=\"text-indent: 10%; margin-bottom: 0px; text-align: justify;\">Najwi\u0119kszym jednak osi\u0105gni\u0119ciem Zespo\u0142u jest fakt, \u017ce pomimo wielu trudno\u015bci, przez ca\u0142y okres dzia\u0142alno\u015bci z powodzeniem kultywuje tradycje przodk\u00f3w, zach\u0119caj\u0105c coraz m\u0142odszych mieszka\u0144c\u00f3w wsi do dzia\u0142alno\u015bci kulturalnej.<\/p>\n","protected":false},"excerpt":{"rendered":"<p>Regionalny Zesp\u00f3\u0142 Pie\u015bni i Ta\u0144ca \u201eRybarzowice\u201d istnieje od 1965 roku. Inspiratorem powstania by\u0142 \u00f3wczesny Komitet Powiatowy PZPR oraz przewodnicz\u0105cy Powiatowej Rady Narodowej w Bielsku \u2013 Bia\u0142ej mgr Antoni Kobiela. Kolejne patronaty to: Sp\u00f3\u0142dzielnia Pracy w\u00a0Bielsku \u2013 Bia\u0142ej, Wojew\u00f3dzka Sp\u00f3\u0142dzielnia Mleczarska oddzia\u0142 w Skoczowie, Miejsko \u2013 Gminny O\u015brodek Kultury w Szczyrku, Stowarzyszenie na Rzecz Rozwoju Wsi &hellip; <a href=\"https:\/\/www.rzpitrybarzowice.fc.pl\/?page_id=25\" class=\"more-link\">Czytaj dalej <span class=\"screen-reader-text\">Historia zespo\u0142u<\/span> <span class=\"meta-nav\">&rarr;<\/span><\/a><\/p>\n","protected":false},"author":1,"featured_media":0,"parent":0,"menu_order":0,"comment_status":"closed","ping_status":"closed","template":"","meta":{"footnotes":""},"class_list":["post-25","page","type-page","status-publish","hentry"],"_links":{"self":[{"href":"https:\/\/www.rzpitrybarzowice.fc.pl\/index.php?rest_route=\/wp\/v2\/pages\/25","targetHints":{"allow":["GET"]}}],"collection":[{"href":"https:\/\/www.rzpitrybarzowice.fc.pl\/index.php?rest_route=\/wp\/v2\/pages"}],"about":[{"href":"https:\/\/www.rzpitrybarzowice.fc.pl\/index.php?rest_route=\/wp\/v2\/types\/page"}],"author":[{"embeddable":true,"href":"https:\/\/www.rzpitrybarzowice.fc.pl\/index.php?rest_route=\/wp\/v2\/users\/1"}],"replies":[{"embeddable":true,"href":"https:\/\/www.rzpitrybarzowice.fc.pl\/index.php?rest_route=%2Fwp%2Fv2%2Fcomments&post=25"}],"version-history":[{"count":4,"href":"https:\/\/www.rzpitrybarzowice.fc.pl\/index.php?rest_route=\/wp\/v2\/pages\/25\/revisions"}],"predecessor-version":[{"id":452,"href":"https:\/\/www.rzpitrybarzowice.fc.pl\/index.php?rest_route=\/wp\/v2\/pages\/25\/revisions\/452"}],"wp:attachment":[{"href":"https:\/\/www.rzpitrybarzowice.fc.pl\/index.php?rest_route=%2Fwp%2Fv2%2Fmedia&parent=25"}],"curies":[{"name":"wp","href":"https:\/\/api.w.org\/{rel}","templated":true}]}}